= -a**3 + 7*a**2 + 4*a + 3. Let k be m(7). Suppose -2*f + k = 5*c, -5*f + 4*c - 12 = -73. Calculate the remainder when 36 is divided by f.
10
Suppose b + 4*m = -3*b, -b + 12 = -5*m. Suppose -7 = -b*x + 3*z - 6*z, -2*z - 30 = -3*x. Calculate the remainder when 14 is divided by x.
6
Let t = -20 + 41. Let u(z) = 10*z + 2. What is the remainder when u(6) is divided by t?
20
Suppose -g - 2*a + 22 = 2*g, -15 = -5*g + a. Suppose -g*k + 19 - 7 = 2*y, -2*y + 2*k + 30 = 0. Calculate the remainder when 35 is divided by y.
11
Let t(u) = -u**2 - 11*u + 10 - 4 + 4*u. What is the remainder when 22 is divided by t(-7)?
4
Let y(s) = -s**3 + 7*s**2 - 7*s - 2. Let b be y(6). Let z = -6 - b. Suppose 4*q - 5*o = -13, -5 - 5 = -2*o. Calculate the remainder when q is divided by z.
1
Let u(t) = t - 2. Let s be (0 + (-2)/3)*-6. Suppose 0*l - 4 = -4*l. What is the remainder when u(s) is divided by l?
0
Suppose 0 = 2*h - 9 - 27. Calculate the remainder when h is divided by 5.
3
Let b(w) = 9*w**3 - 14*w**2 + 9*w - 14. Let q(v) = -5*v**3 + 7*v**2 - 4*v + 7. Let j(n) = -6*b(n) - 11*q(n). What is the remainder when j(-8) is divided by 8?
7
Suppose 0 = -m - 2*m. Suppose -3*n = -b + 34, -4*b + 3*n + 23 + 68 = m. Suppose 0 = f + 2 - b. What is the remainder when 50 is divided by f?
16
Let k = 171 - 121. Calculate the remainder when k is divided by 13.
11
Let m(w) = w**2 + 131. What is the remainder when m(0) is divided by 22?
21
Let d be (1/(-4))/(3/(-36)). What is the remainder when 26 is divided by (d + -12)/(1/(-1))?
8
Let v be 4/16 + 940/16. Suppose a = z - 23, v = 5*z - 2*z - a. Calculate the remainder when 70 is divided by z.
16
Let s(c) = -c**2 - 6*c - 6. Let d be s(-6). Calculate the remainder when 19 is divided by (2 - 5)*20/d.
9
What is the remainder when (-2)/2 + 1 - -33 is divided by ((-81)/(-45))/((-6)/(-40))?
9
Suppose 0 = 2*q - 2*l - 20, 4*l - 7 = -4*q + 49. Let k(b) = 4*b**2 + b**3 - 4*b**2 + 34 + b. What is the remainder when k(0) is divided by q?
10
Calculate the remainder when 2*(-39)/(-6) - 0 is divided by 3.
1
What is the remainder when (-2 + 18)/((-2)/(-3)) is divided by 6/(-39) + 119/13?
6
Let v = -1 + -5. Suppose 0 = -5*z + 2*n + 65, 2*n + 2*n = -2*z + 50. Calculate the remainder when 59 + (-3)/(v/(-4)) is divided by z.
12
Suppose 3*x = -3 + 9. Suppose x*y - y = 15. What is the remainder when (-87)/2*(-2)/3 is divided by y?
14
Suppose -4*y + 7*y = 0. Let k = 53 + y. What is the remainder when k is divided by 14?
11
Suppose -f - 6 = -2*y - 0, -5*f = -2*y - 2. Let o = -4 + 3. Let s = o - -4. What is the remainder when y is divided by s?
1
Suppose -t + 7 = 4*v - 3, -2 = -5*t + 4*v. Suppose -t*l + 35 = -3. Calculate the remainder when 73 is divided by l.
16
Let h = 46 - 38. Calculate the remainder when 20 is divided by h.
4
Let y = 4 + 4. Let w(g) = g + 11. Calculate the remainder when y is divided by w(-8).
2
Let p(z) = 8*z - 6. What is the remainder when p(4) is divided by 14?
12
Let x(k) = -76*k - 6. Let h be x(5). What is the remainder when (-24)/42 - h/14 is divided by 15?
12
Suppose 7*h = 5*h + 246. Suppose 3*k - 3*q - 2*q = h, 4*q - 132 = -4*k. Suppose 4*t - 16 = 3*t + 3*g, -2*g = -2. What is the remainder when k is divided by t?
17
Let o(u) be the first derivative of -u**4/4 + 4*u**3/3 + 3*u**2 + 6*u - 2. Let f(i) = -i**3 - i**2 - i + 20. What is the remainder when f(0) is divided by o(5)?
9
Suppose 0 = -3*c + 5*c - 24. Suppose -3*w + 17 + 88 = 0. Suppose -w = -2*b + b. What is the remainder when b is divided by c?
11
Let m = -37 + 61. Suppose 0 = 4*f + 4*a - m, 5*a = f - 0 + 18. Suppose -5*x + 4*g - 5 = -3, x + 3*g = 11. Calculate the remainder when f is divided by x.
0
Let q = 10 - 6. What is the remainder when 9 is divided by q?
1
Let b = 90 - 37. Let a = b - 36. Suppose c + 24 = 5*c. What is the remainder when a is divided by c?
5
Let i = -13 - -26. Calculate the remainder when 62 is divided by i.
10
Let i(o) be the third derivative of -o**5/60 - 5*o**4/12 - o**3/6 - o**2. Let a = 15 + -19. Calculate the remainder when i(a) is divided by 12.
11
Suppose 940 = 3*l + 2*l. Calculate the remainder when (-2)/6 - l/(-6) is divided by (-5 - (-4)/1) + 12.
9
Let b(z) = z**3 + 9*z**2 + 7. Calculate the remainder when b(-9) is divided by 1.
0
Suppose 2*w = -k + 13, 0*w + 5*k - 17 = 2*w. Suppose w*y - 20 = -y. Calculate the remainder when 5 + (3 - y - -2) is divided by 4.
2
Let a be (-1 - (-4 - -2))*5. Suppose -a*l + 5 = -0*l. What is the remainder when l is divided by (-1*1)/((-2)/2)?
0
Suppose 48 = -2*m + 5*m. Calculate the remainder when 63 is divided by m.
15
Let g = 9 + 22. Let b = -25 + 41. What is the remainder when g is divided by b?
15
Let r = 7 + -6. Let o be (-12)/8*(-1 - r). What is the remainder when 30 is divided by (-6)/4*(-22)/o?
8
Suppose -16 - 52 = -4*l. What is the remainder when 67 is divided by l?
16
Let s(h) = -4*h**3 - 3*h + 4. Let z be s(-3). Let y = 176 - z. Calculate the remainder when y is divided by 19.
17
Let w = -67 + 107. What is the remainder when 156 is divided by w?
36
Let p = -1 - -4. Let d = 5 - p. Calculate the remainder when d is divided by 1/4 - (-28)/16.
0
Let d be 100/3 + 2/3. Let k = 57 - d. What is the remainder when k is divided by 8?
7
Let w(b) = -b**3 - 2*b**2 + 2*b - 4. Calculate the remainder when 59 is divided by w(-4).
19
Let n(k) = k**2 + 3*k + 3. What is the remainder when n(-7) is divided by 11?
9
Let s = -7 - -13. Let v(p) = p**3 - 7*p**2 + 10*p - 8. What is the remainder when 31 is divided by v(s)?
15
Let v = -20 + 55. Calculate the remainder when v is divided by 12.
11
Suppose 3*z - 75 = -0*z. What is the remainder when z is divided by (6/6)/(1/9)?
7
Let j = 23 + -38. Let q = j - -29. Calculate the remainder when 54 is divided by q.
12
Let z(v) = 28*v**2 - 2*v - 3. What is the remainder when z(-1) is divided by 3?
0
Let m(l) = -20*l - 10. What is the remainder when 59 is divided by m(-2)?
29
Let g = -64 + 71. Calculate the remainder when 67 is divided by g.
4
Let f = 176 + -104. Suppose -4*p + 2*p = -f. Suppose p = 3*n - 0*n. What is the remainder when 23 is divided by n?
11
Let p(d) = d**2 + 9*d - 9. Let w be p(9). Suppose 13 - w = -5*b. What is the remainder when b is divided by 15?
13
Let u = -71 - -88. What is the remainder when 99 is divided by u?
14
Let g(r) = -r**3 + 2*r**2 + 3*r - 1. Let q(w) = w + 3. Let c be q(-1). What is the remainder when 16 is divided by g(c)?
1
Let y = -9 + 14. Suppose 4*m - 56 = m + k, -3*m = -3*k - 66. What is the remainder when m is divided by y?
2
Let b = -19 + 19. Suppose 0 = -b*n - 3*n + 75. Calculate the remainder when n is divided by 1/((-1)/(-13*1)).
12
Suppose 0*v = -z - v + 62, 4*z + v - 236 = 0. Let s = -24 + 39. Calculate the remainder when z is divided by s.
13
What is the remainder when (-23)/(1*(-3 - -2)) is divided by 6?
5
Let h = -3 - 2. Let u(z) = -2*z + 3. What is the remainder when u(h) is divided by (0 - 2)*42/(-12)?
6
Calculate the remainder when 22 is divided by (-39)/(-26)*(-8)/3 + 8.
2
Let n = -8 - -12. Suppose n*k + k - 35 = 0. What is the remainder when 27 is divided by k?
6
Let t be (4 + -34)/(2/(-1)). Suppose -4*k = -2*s + 6, 2*s = -2*k - t + 3. What is the remainder when 28 is divided by (45/s)/((-1)/1)?
13
Suppose -4*u + 162 = -u. Calculate the remainder when u is divided by 28.
26
Suppose 3*b - 6 - 15 = 0. Calculate the remainder when 39 is divided by b.
4
Let b = -11 - -28. Let o(s) = -s + 5. What is the remainder when b is divided by o(-4)?
8
Let z(i) = -i**2 + i - 69. Let c be z(0). Suppose 53 + 19 = 4*o. Calculate the remainder when o is divided by (-4)/(-10) - c/15.
3
Suppose -9*c + 19 = -8. What is the remainder when 26 is divided by c?
2
Suppose -a = -5*g + 428, 0*a - 3*a = -5*g + 434. Suppose -q + t + 31 = 0, 2*q - t - g = -q. What is the remainder when q is divided by 15?
12
Calculate the remainder when (-2)/(-7) + 138/7 is divided by 7.
6
Let i(x) = x**2 + 4*x + 6. Let g be i(6). Suppose a = 7*a - g. Calculate the remainder when 54 is divided by a.
10
Let l = 17 + -10. Suppose 3*k - 18 = -3*t, 4*t = 5 + 3. Suppose -k + 0 = -m. Calculate the remainder when l is divided by m.
3
Let j(z) = -8*z - 5. What is the remainder when j(-10) is divided by 19?
18
Calculate the remainder when 100 is divided by 7/(14/96) + (-3)/(-1).
49
Su